59?
3, 11, 151114723
List the prime factors of 89224539.
3, 29741513
What are the prime factors of 3841838485?
5, 768367697
List the prime factors of 983506598.
2, 17783, 27653
List the prime factors of 1202417890.
2, 5, 53, 613, 3701
What are the prime factors of 537461140?
2, 5, 26873057
List the prime factors of 42514208.
2, 11, 120779
What are the prime factors of 2943534635?
5, 588706927
List the prime factors of 7291977.
3, 7, 11, 31567
List the prime factors of 31968839.
7, 4566977
What are the prime factors of 199605768?
2, 3, 2273, 3659
List the prime factors of 199406233.
13, 29, 528929
List the prime factors of 1104113297.
7, 17, 9278263
List the prime factors of 35782942.
2, 13, 811, 1697
What are the prime factors of 230355055?
5, 7, 197, 33409
List the prime factors of 879982340.
2, 5, 19, 61, 37963
List the prime factors of 70191649.
11, 6381059
What are the prime factors of 29264071?
29264071
What are the prime factors of 1290549304?
2, 11, 97, 151189
What are the prime factors of 264231009?
3, 7, 4194143
What are the prime factors of 37685436?
2, 3, 19, 165287
List the prime factors of 2227148789.
1979, 1125391
List the prime factors of 391911445.
5, 78382289
What are the prime factors of 326566957?
17, 19209821
List the prime factors of 548770295.
5, 109754059
What are the prime factors of 223214268?
2, 3, 181, 102769
What are the prime factors of 551747958?
2, 3, 71, 1295183
List the prime factors of 3576714736.
2, 7, 19, 1680787
What are the prime factors of 127946197?
523, 244639
List the prime factors of 51347369.
83, 618643
What are the prime factors of 458821891?
11, 17, 101, 1429
List the prime factors of 3427310397.
3, 7, 163205257
What are the prime factors of 41673043?
97, 349, 1231
What are the prime factors of 20937468?
2, 3, 19, 131, 701
List the prime factors of 944982467.
11, 13, 6608269
What are the prime factors of 4415196459?
3, 19, 149, 519863
List the prime factors of 321301001.
7, 19, 947, 2551
What are the prime factors of 356962546?
2, 2897, 61609
What are the prime factors of 98445765?
3, 5, 11, 61, 9781
What are the prime factors of 13394170?
2, 5, 31, 43207
List the prime factors of 1402661066.
2, 433, 1031, 1571
List the prime factors of 56363282.
2, 43, 655387
What are the prime factors of 431599712?
2, 769, 17539
List the prime factors of 26010868.
2, 13, 500209
What are the prime factors of 4160458974?
2, 3, 7, 31, 65213
What are the prime factors of 94897142?
2, 229, 207199
List the prime factors of 336947873.
16921, 19913
What are the prime factors of 19772441?
13, 199, 7643
What are the prime factors of 30678891?
3, 53, 192949
What are the prime factors of 103628547?
3, 11, 23, 71, 641
What are the prime factors of 42250552?
2, 61, 86579
List the prime factors of 4863407791.
11, 113, 577, 6781
List the prime factors of 205771889.
73, 167, 16879
List the prime factors of 1600187075.
5, 61, 211, 4973
What are the prime factors of 791744517?
3, 1223, 23977
What are the prime factors of 14540169?
3, 7, 692389
List the prime factors of 88704621.
3, 9856069
What are the prime factors of 121938307?
121938307
What are the prime factors of 22311825?
3, 5, 521, 571
List the prime factors of 1902833420.
2, 5, 43, 313, 7069
List the prime factors of 84201714.
2, 3, 17, 37, 67
What are the prime factors of 2337345624?
2, 3, 1733, 56197
What are the prime factors of 3906201025?
5, 156248041
What are the prime factors of 129451212?
2, 3, 11, 89, 3673
List the prime factors of 46100260.
2, 5, 17, 135589
List the prime factors of 26301222.
2, 3, 1461179
List the prime factors of 878258.
2, 157, 2797
What are the prime factors of 336587311?
29, 11606459
What are the prime factors of 791111310?
2, 3, 5, 11, 217937
List the prime factors of 812845266.
2, 3, 135474211
What are the prime factors of 1945922516?
2, 43, 191, 59233
List the prime factors of 1038675989.
13, 79898153
What are the prime factors of 308468334?
2, 3, 37, 433, 3209
What are the prime factors of 875123457?
3, 13, 3733, 6011
What are the prime factors of 46531020?
2, 3, 5, 775517
List the prime factors of 76493130.
2, 3, 5, 7, 43, 197
List the prime factors of 251380437.
3, 7, 11, 155461
What are the prime factors of 19942061?
277, 71993
What are the prime factors of 28255348?
2, 11, 541, 1187
What are the prime factors of 3139001991?
3, 1231, 31481
List the prime factors of 323546421.
3, 11, 19, 516023
What are the prime factors of 450413294?
2, 225206647
What are the prime factors of 120618694?
2, 7, 175829
What are the prime factors of 771194661?
3, 211, 347, 3511
What are the prime factors of 10706742?
2, 3, 29, 43, 53
List the prime factors of 4941979305.
3, 5, 17, 571, 33941
What are the prime factors of 56457116?
2, 37, 381467
List the prime factors of 724962585.
3, 5, 43, 1123973
What are the prime factors of 125571049?
31, 137, 29567
List the prime factors of 14810240.
2, 5, 73, 317
What are the prime factors of 175697490?
2, 3, 5, 251, 23333
List the prime factors of 805728625.
5, 13, 43, 887
What are the prime factors of 118416168?
2, 3, 13, 14057
What are the prime factors of 22548455?
5, 239, 18869
What are the prime factors of 22971253?
181, 126913
List the prime factors of 24778570.
2, 5, 619, 4003
List the prime factors of 703786811.
7, 13, 594917
What are the prime factors of 2449732549?
11, 577, 385967
What are the prime factors of 66034499?
3547, 18617
List the prime factors of 3668425.
5, 19, 7723
What are the prime factors of 200487657?
3, 66829219
What are the prime factors of 315466779?
3, 2543, 41351
List the prime factors of 183124626.
2, 3, 31, 984541
List the prime factors of 63485790.
2, 3, 5, 313, 6761
What are the prime factors of 91931997?
3, 167, 183497
List the prime factors of 53533464.
2, 3, 2230561
What are the prime factors of 45450382?
2, 673, 33767
What are the prime factors of 164444071?
11, 41, 364621
List the prime factors of 598061525.
5, 23, 37, 28111
What are the prime factors of 320188695?
3, 5, 61, 349933
List the prime factors of 99200306.
2, 199, 281, 887
List the prime factors of 2842900733.
179, 673, 23599
List the prime factors of 7567481.
7567481
What are the prime factors of 78456059?
11, 23, 53, 5851
List the prime factors of 78035020.
2, 5, 7, 547, 1019
What are the prime factors of 2943322777?
3389, 868493
List the prime factors of 8369003385.
3, 5, 59, 3152167
List the prime factors of 1879437539.
7, 29, 167, 55439
List the prime factors of 549578337.
3, 7, 11, 523, 4549
List the prime factors of 6963208.
2, 7, 124343
What are the prime factors of 58301666?
2, 29150833
What are the prime factors of 4542632486?
2, 7, 12763, 25423
List the prime factors of 77413863.
3, 41, 629381
What are the prime factors of 66692062?
2, 33346031
List the prime factors of 76680227.
13, 67, 88037
List the prime factors of 8485122290.
2, 5, 14549, 58321
What are the prime factors of 601688715?
3, 5, 233, 172157
What are the prime factors of 39302821?
769, 51109
What are the prime factors of 4814203786?
2, 7, 17, 20227747
What are the prime factors of 13363033?
13363033
What are the prime factors of 32197979?
11, 266099
What are the prime factors of 535859918?
2, 11, 24357269
What are the prime factors of 67771741?
17, 43, 83, 1117
What are the prime factors of 159437754?
2, 3, 7, 463, 911
List the prime factors of 5744243167.
13, 83, 977, 5449
What are the prime factors of 157625256?
2, 3, 23, 285553
What are the prime factors of 235988461?
31, 7612531
List the prime factors of 933393045.
3, 5, 13, 43, 111317
List the prime factors of 50660663.
17, 2980039
List the prime factors of 4214440793.
31, 43, 827, 3823
What are the prime factors of 401321224?
2, 137, 366169
List the prime factors of 2064645079.
7, 294949297
What are the prime factors of 89310172?
2, 7, 877, 3637
List the prime factors of 256045596.
2, 3, 19, 71, 15817
What are the prime factors of 37858027?
6037, 6271
List the prime factors of 53993496.
2, 3, 17, 59, 2243
List the prime factors of 60461797.
11, 61, 90107
List the prime factors of 168512635.
5, 103, 327209
What are the prime factors of 1761052375?
5, 14088419
What are the prime factors of 4843113865?
5, 43, 163, 138197
What are the prime factors of 36297414?
2, 3, 17, 118619
Li